ded by 434.
355
Calculate the remainder when 1535 is divided by 54.
23
Calculate the remainder when 1677 is divided by 8.
5
What is the remainder when 1221086 is divided by 8?
6
Calculate the remainder when 159710 is divided by 114.
110
Calculate the remainder when 3126 is divided by 199.
141
Calculate the remainder when 16718 is divided by 4.
2
Calculate the remainder when 9164 is divided by 416.
12
Calculate the remainder when 3834 is divided by 18.
0
What is the remainder when 3535 is divided by 318?
37
What is the remainder when 20778 is divided by 801?
753
What is the remainder when 36042 is divided by 15?
12
Calculate the remainder when 18551 is divided by 45.
11
Calculate the remainder when 1754 is divided by 415.
94
Calculate the remainder when 8973 is divided by 191.
187
What is the remainder when 1427 is divided by 711?
5
What is the remainder when 2498725 is divided by 231?
229
Calculate the remainder when 590574 is divided by 1530.
1524
What is the remainder when 17075 is divided by 150?
125
What is the remainder when 25494 is divided by 56?
14
What is the remainder when 113 is divided by 62?
51
What is the remainder when 45915 is divided by 47?
43
Calculate the remainder when 299341 is divided by 193.
191
What is the remainder when 10145 is divided by 181?
9
What is the remainder when 206460 is divided by 68?
12
Calculate the remainder when 64106 is divided by 369.
269
What is the remainder when 662 is divided by 246?
170
Calculate the remainder when 801 is divided by 53.
6
Calculate the remainder when 21583 is divided by 839.
608
Calculate the remainder when 15511 is divided by 10.
1
What is the remainder when 34438 is divided by 41?
39
What is the remainder when 181815 is divided by 60603?
6
What is the remainder when 14792 is divided by 13?
11
Calculate the remainder when 6729 is divided by 6707.
22
Calculate the remainder when 6150 is divided by 515.
485
What is the remainder when 15012 is divided by 3002?
2
Calculate the remainder when 721240 is divided by 146.
0
What is the remainder when 997540 is divided by 87?
85
What is the remainder when 85147 is divided by 226?
171
What is the remainder when 18842 is divided by 11?
10
Calculate the remainder when 7318 is divided by 106.
4
Calculate the remainder when 1354 is divided by 578.
198
What is the remainder when 243844 is divided by 118?
56
What is the remainder when 29863 is divided by 393?
388
What is the remainder when 726 is divided by 428?
298
Calculate the remainder when 692 is divided by 140.
132
What is the remainder when 1866 is divided by 138?
72
What is the remainder when 56456 is divided by 43?
40
What is the remainder when 1354 is divided by 400?
154
What is the remainder when 938641 is divided by 33?
22
What is the remainder when 68438 is divided by 204?
98
Calculate the remainder when 30357 is divided by 30347.
10
Calculate the remainder when 455098 is divided by 3992.
10
Calculate the remainder when 16232 is divided by 1466.
106
Calculate the remainder when 881011 is divided by 105.
61
Calculate the remainder when 1370706 is divided by 13.
12
Calculate the remainder when 11018 is divided by 408.
2
What is the remainder when 83646 is divided by 8?
6
What is the remainder when 43261 is divided by 14356?
193
Calculate the remainder when 1357 is divided by 266.
27
What is the remainder when 28719 is divided by 383?
377
Calculate the remainder when 160635 is divided by 653.
650
What is the remainder when 28849 is divided by 9558?
175
What is the remainder when 112688 is divided by 56340?
8
What is the remainder when 121768 is divided by 15220?
8
Calculate the remainder when 500353 is divided by 100062.
43
Calculate the remainder when 6469 is divided by 165.
34
Calculate the remainder when 55216 is divided by 282.
226
What is the remainder when 69707 is divided by 124?
19
What is the remainder when 13886 is divided by 3280?
766
Calculate the remainder when 43749 is divided by 497.
13
What is the remainder when 12225 is divided by 111?
15
What is the remainder when 98645 is divided by 152?
149
What is the remainder when 5662 is divided by 6?
4
What is the remainder when 76711 is divided by 112?
103
Calculate the remainder when 1016 is divided by 58.
30
Calculate the remainder when 349 is divided by 180.
169
What is the remainder when 57477 is divided by 1741?
24
What is the remainder when 8917 is divided by 67?
6
Calculate the remainder when 6724 is divided by 29.
25
Calculate the remainder when 43671 is divided by 14514.
129
What is the remainder when 5022 is divided by 195?
147
Calculate the remainder when 58406 is divided by 98.
96
Calculate the remainder when 13256 is divided by 143.
100
Calculate the remainder when 38991 is divided by 104.
95
Calculate the remainder when 47646 is divided by 823.
735
Calculate the remainder when 26077 is divided by 126.
121
Calculate the remainder when 20692 is divided by 75.
67
What is the remainder when 6349278 is divided by 28?
26
What is the remainder when 8407 is divided by 8396?
11
What is the remainder when 4200 is divided by 81?
69
Calculate the remainder when 488691 is divided by 649.
643
Calculate the remainder when 401466 is divided by 16.
10
What is the remainder when 1859 is divided by 33?
11
Calculate the remainder when 20073 is divided by 3.
0
Calculate the remainder when 198858 is divided by 1282.
148
Calculate the remainder when 1867 is divided by 13.
8
Calculate the remainder when 12053656 is divided by 847.
846
What is the remainder when 6462 is divided by 6451?
11
What is the remainder when 15403 is divided by 7701?
1
Calculate the remainder when 104275 is divided by 1655.
10
Calculate the remainder when 26630 is divided by 2048.
6
What is the remainder when 93705 is divided by 46852?
1
Calculate the remainder when 9144 is divided by 5.
4
What is the remainder when 135386 is divided by 68?
66
Calculate the remainder when 1073 is divided by 367.
339
Calculate the remainder when 1317 is divided by 177.
78
What is the remainder when 1179 is divided by 1040?
139
Calculate the remainder when 33079 is divided by 8262.
31
Calculate the remainder when 15860 is divided by 1132.
12
Calculate the remainder when 598539 is divided by 448.
11
What is the remainder when 3280 is divided by 82?
0
Calculate the remainder when 27678 is divided by 160.
158
Calculate the remainder when 176397 is divided by 525.
522
Calculate the remainder when 2509 is divided by 803.
100
What is the remainder when 223677 is divided by 111826?
25
Calculate the remainder when 4310 is divided by 150.
110
Calculate the remainder when 2001 is divided by 508.
477
Calculate the remainder when 2953 is divided by 184.
9
What is the remainder when 37570 is divided by 3128?
34
Calculate the remainder when 8733 is divided by 121.
21
What is the remainder when 19594 is divided by 223?
193
What is the remainder when 1340 is divided by 580?
180
Calculate the remainder when 1837 is divided by 485.
382
What is the remainder when 3311 is divided by 24?
23
What is the remainder when 176367 is divided by 72?
39
Calculate the remainder when 31419 is divided by 3483.
72
What is the remainder when 3485 is divided by 437?
426
Calculate the remainder when 29462 is divided by 254.
252
What is the remainder when 11236 is divided by 46?
12
Calculate the remainder when 2550 is divided by 205.
90
Calculate the remainder when 193486 is divided by 16.
14
Calculate the remainder when 106556 is divided by 53277.
2
Calculate the remainder when 13832 is divided by 417.
71
Calculate the remainder when 21323 is divided by 74.
11
What is the remainder when 2506 is divided by 274?
40
Calculate the remainder when 1526723 is divided by 173.
171
What is the remainder when 2362 is divided by 18?
4
What is the remainder when 24309 is divided by 165?
54
What is the remainder when 189717 is divided by 408?
405
What is the remainder when 2816833 is divided by 5?
3
What is the remainder when 87890 is divided by 409?
364
Calculate the remainder when 47283 is divided by 184.
179
What is the remainder when 156167 is divided by 13?
11
What is the remainder when 15818 is divided by 881?
841
Calculate the remainder when 8857 is divided by 354.
7
What is the remainder when 32781 is divided by 23?
6